 = -s + 5 - 3. Let w be 1 + s - (0 + 8). Determine b(w).
-3
Let p = 3 - 5. Let h be ((-1)/p - 1)*4. Let w(o) = 2*o**2 + 3*o + 1. Let n be w(h). Let t(z) = z**3 - 3*z**2 - 2*z + 3. Calculate t(n).
-3
Let z(l) = l + 7. Suppose -3*f = 0, 5*i + 21 - 1 = 3*f. Let j be i/8*(0 - 0). Calculate z(j).
7
Let t = -3 - 0. Let i(s) = -6*s - 4. Give i(t).
14
Let z(f) = -f**3 - 6*f**2 + f + 4. Let y(l) = -l**3 + 2*l**2 + 2*l - 3. Let v be y(3). Let i be 39/v + (-2)/(-4). Give z(i).
-2
Suppose -7*k + 3*k = -3*l, 5*l = -5*k + 35. Let a(p) = 0*p + p + k*p - 1 - 3*p. Calculate a(7).
6
Suppose 15*k - w + 24 = 13*k, 0 = -4*k - 3*w - 28. Let y(l) = l + 10. What is y(k)?
0
Suppose 32 = -0*m + m. Suppose 8*t = w + 4*t + 1, 4*w = -2*t + m. Let a(j) = w - 3*j - 3*j + 4*j + j. Determine a(0).
7
Suppose 10*d - 7 - 3 = 0. Let f(h) = -2*h**2 - 4 + 4*h**2 + 3 + h**3. Calculate f(d).
2
Suppose 0*v + z + 4 = 2*v, 5*v + 5*z - 25 = 0. Let i(r) = -v*r + 6*r + r - 3*r. Give i(-2).
-2
Let k(g) = -g**3 - 6*g**2 - g + 2. Suppose -12 = -2*u + 4*u. Determine k(u).
8
Let s(x) = 3*x + 1. Suppose -3*r - 4 = 2. Determine s(r).
-5
Let l(v) = -5*v + 4. Let a(k) = 6*k - 5. Let p(w) = -4*a(w) - 5*l(w). Calculate p(-5).
-5
Let b(f) = -4*f - 6. Let l = 1 + -6. Give b(l).
14
Let g(u) = 2 + 2*u + u - 3 - 4*u. Suppose 3*a - 5*x = a - 32, -14 = 3*a + x. What is g(a)?
5
Let i(b) = b**2. Let m be i(0). Let u(d) = -2*d + m + 3 - 4 + 0. Give u(-3).
5
Let r(b) = -b**2 - 1. Let w(g) = 6*g**2 - 4*g + 12. Let a(c) = 5*r(c) + w(c). Suppose 88*o - 10 = 86*o. What is a(o)?
12
Let l(i) = -9*i - 2. Let f(p) = 8*p + 1. Let j(b) = 7*f(b) + 6*l(b). Give j(5).
5
Let l(o) = -o**3 + 6*o**2 - 4*o. Let i be l(5). Suppose 9 = 2*z + 5. Let h(s) = -2*s - 7*s - 4*s**z + 4*s - 2 + s**3. Calculate h(i).
-2
Let b(o) = o**2 - 3*o - 4. Let p(r) = -r**2 + 5*r - 2. Let x = -3 + 5. Let g be p(x). Calculate b(g).
0
Let v = 3 - 3. Let j(t) = -t**2 + 6. Give j(v).
6
Let f(w) be the third derivative of -w**9/60480 + w**7/5040 + w**5/60 - 2*w**2. Let q(y) be the third derivative of f(y). Calculate q(-1).
0
Let o = -16 + 11. Let u(h) = 2*h + 5. What is u(o)?
-5
Let h(c) be the second derivative of c**3/3 + 3*c**2 - c. Calculate h(-4).
-2
Let u(y) = -y + 7. Let x = -25 + 34. What is u(x)?
-2
Let x(v) = -v - 1. Let n(t) = -1. Let j(c) = -n(c) + x(c). Let r be 2 + -3*(-3 - -2). Let z = 0 + r. What is j(z)?
-5
Let f(y) = -2*y. Let m(k) = 7*k + 8. Let g(c) = -4*f(c) - m(c). Determine g(7).
-1
Let n(t) be the third derivative of t**5/60 - t**4/3 - t**3/3 + 57*t**2. Calculate n(8).
-2
Let z(j) = -5*j**2 + 13*j - 10. Let n(b) = -11*b**2 + 26*b - 21. Let t(i) = -6*n(i) + 13*z(i). Let h(l) = -4*l + 1. Let w(x) = -7*h(x) - 2*t(x). Calculate w(3).
-11
Let k be -16*(-4)/(-2)*-1. Suppose 3*c - z = -0*z + 14, 4*c - 4*z - k = 0. Let f(g) = -7*g + c + 7*g - 3*g**2 - g**3. Give f(-3).
3
Let r = 6 - 2. Let c(f) = -f - 4 + 1 + r. Let u(o) = -2*o. Let s(i) = 5*c(i) - u(i). Calculate s(4).
-7
Let s(k) be the first derivative of -k**3/3 - 3*k**2 + 3*k - 127. Let d(q) = 1 - 3*q**2 + 2*q - 4*q - 2*q**2. Let n be d(1). Calculate s(n).
3
Let g(n) = 11*n. Let q(l) = l**3 - 7*l**2 + 8*l - 11. Let i be q(6). Determine g(i).
11
Let t(s) be the first derivative of -s**2/2 + 6*s - 15. Calculate t(-6).
12
Let t(y) = -y**2 - 3*y. Let n be 1/(((-2)/24)/((-11)/(-22))). What is t(n)?
-18
Let h(p) = p**2 - 4*p + 1. Let n be h(3). Let b(t) be the first derivative of t**3/3 - 3*t**2/2 - 2*t + 11. What is b(n)?
8
Suppose 2*m + 2*z = 3 + 1, 2*z - 9 = -3*m. Let d(f) = 7*f - 5. Let o(q) = 8*q - 6. Suppose 0 = 3*r - r + 12. Let j(x) = r*o(x) + 7*d(x). Give j(m).
6
Let y(v) be the first derivative of v**2/2 - 2*v + 5. Let o(r) = r**2 + 5*r - 2. Let l be o(-6). Suppose 2*n = -3*s + 15, 0 = -l*s - n + 5*n. Calculate y(s).
1
Let d(y) = -y**2 - 5*y. Let x be d(-3). Let l(h) = -h**2 + 6*h + 3. Determine l(x).
3
Let v(b) = -b**2 + 5*b + 2. Let j be v(5). Let a(p) = -j*p**2 + 3*p + 11 + 3*p**2 - 4*p + p**3. What is a(0)?
11
Let m(t) = t**3 - t**2 + t. Let u be ((-5)/3 - -2)*12. Suppose -u*o + 16 = g - 0, -3*o + 12 = 2*g. What is m(g)?
0
Suppose -4*h = -3*o - 12, 5*o - 5 = 4*h - 17. Let w(x) = -h + 2*x + x - 4*x. Let d = 1 + -4. Give w(d).
0
Suppose u = 2*b - 2 + 1, b - 2*u = 5. Let w(n) = -n**3 - n**2 + n + 1. Calculate w(b).
0
Let v(h) be the first derivative of h**4/4 + 4*h**3/3 - 5*h**2/2 + 5*h - 1. Let n = 11 + -8. Suppose -17 = 4*j + n. Calculate v(j).
5
Let h(u) = 1 + u**3 - u + 3*u**2 - 2 + 0*u**3. Let y(v) = -v**3 + 2*v**2 + 4*v - 1. Let x be y(3). Suppose -x*c + 5*c = -9. What is h(c)?
2
Suppose 4*f = -4*z + 8*z + 12, 4*f - 30 = -5*z. Let h(p) = -p**2 + 5*p - 1. Determine h(f).
-1
Let y(w) = -w**3 - 7*w**2 - 2*w - 4. Let z(h) = 6*h - 7. Let m be z(0). Determine y(m).
10
Suppose -z - 3*k + 25 = -3*z, -2*k = 4*z + 10. Let l(q) = 3*q**2 - 7 + 4*q**3 - 9*q**2 - 5*q**3 - 7*q. Calculate l(z).
3
Let k be (-417)/(-21) - (-2)/14. Let p = k - 14. Let r(d) = d - 2. Give r(p).
4
Let f(w) = 4*w - 3. Suppose 0 = -5*y + 2*y + 15. Let n = 9 - y. Determine f(n).
13
Let d(f) = f**3 - 7*f**2 + 3. Suppose -25 = 2*h + 3*h. Let j = h + 12. Let s be d(j). Let i(u) = 2*u - 3. Determine i(s).
3
Suppose -b + 3*p + 2 - 3 = 0, -5*p + 5 = 0. Let l(z) = -z**2 + 2*z + 1. Calculate l(b).
1
Let j(c) = -c**3 - 5*c**2 - c - 1. Let u be j(-5). Suppose -u*y + 10 = y. Let g(q) = -1 + 2 + 2*q - y + 2. Calculate g(-3).
-5
Let r(w) = -w - 9. Let c = -12 - -8. Determine r(c).
-5
Let w(x) be the third derivative of 7*x**6/120 + x**5/60 + x**4/12 + x**3/6 - 10*x**2. Give w(-1).
-7
Suppose -2 = -2*b + b. Let m(k) = k**3 + 5*k**2 + k + 7. Let u be m(-5). Let s(x) = b*x + u - 4*x - 5. What is s(-2)?
1
Let k(v) = -v**2 + 7*v - 4. Suppose 4*g + 72 = 5*r - 2*r, 2*g + 36 = -5*r. Let u be (3/3)/((-3)/g). Calculate k(u).
2
Let f(q) be the first derivative of -q**3/3 + 3*q**2 + q + 1. Suppose 2*x - 9 + 1 = -4*v, -x = -3*v + 11. Determine f(v).
10
Let o(y) = -y**3 + 4*y**2 + y. Let n be o(3). Suppose b = 5*b - n. Let f(v) = -v - 2 + b - 4. Determine f(0).
-3
Let t(x) = 2*x + 7. Let y be t(-4). Let a be 0/4*y/(-1). Let d(l) = -l**2 + l - 6. Determine d(a).
-6
Let u(h) = 2*h**3 - 2*h - 1. Suppose -5*i - t = -6*t, -2 = 4*i - 2*t. Determine u(i).
-1
Let v be 32/14 - 2/7. Let r be 0 + (-1)/2*0. Let g(q) = -q**v + r*q + 0*q**2 + 3*q - 3 + 2*q. Give g(4).
1
Let u(b) = -b**2 + 6*b. Let w(r) = -r**2 + 5*r + 1. Suppose 0 = -o - 5*g + 12, 6*o - 4*o + 18 = 4*g. Let j(f) = o*w(f) + 2*u(f). Determine j(4).
1
Suppose -o - 12 = -3*o. Let x(t) = 19*t**3 + 4*t**2 - 17*t - 19. Let z(b) = 9*b**3 + 2*b**2 - 8*b - 9. Let k(d) = o*x(d) - 13*z(d). What is k(-2)?
15
Let g(b) = 5*b**2 - 4*b - 3. Let r be 0/((-5)/((-5)/(-2))). Suppose r*q - 18 = -3*q. Let s(t) = 4*t**2 - 3*t - 2. Let k(z) = q*s(z) - 5*g(z). Determine k(-2).
-5
Let p(r) = -10*r**2 + r. Suppose 3*f = 5*h + 4, -4*f + 12 = -4*h + 4. Calculate p(h).
-9
Let a(q) = -7*q**2 + 3*q - 3. Let t(j) = -j**2 - 2*j - 2. Let i(x) = 3*x + 2. Let y(c) = 3*i(c) + 4*t(c). Let h(d) = -3*a(d) + 5*y(d). Give h(5).
4
Let f(j) = j + 6 - 20*j**2 - 3*j**3 + 2*j + 25*j**2 + 4*j**3. Suppose -3*h + 28 = -5*l, 3*h - 17 = 3*l + h. What is f(l)?
-9
Let j(l) be the second derivative of l**5/15 - l**4/24 - 3*l**2/2 - l. Let s(u) be the first derivative of j(u). What is s(1)?
3
Let p(g) = -g**2 - 4*g. Suppose 0 = 2*n + 2*q + 2 - 6, -2*n - q = -4. Suppose -n*k = 2*b, b + 6 = 2*k - 9. What is p(b)?
-5
Let y(u) = u + 12. Let x be -14 + 5 + 2 + (-3)/(-3). What is y(x)?
6
Suppose 0 = -n + 3 + 3. Let k = -5 + n. Let b(h) = 6*h**3. Give b(k).
6
Let s(m) = 2*m**2 + m - 1. Let b(a) be the second derivative of -a**4/4 + a**3/6 + 3*a. Let t be b(1). Give s(t).
5
Let k(g) = g**3 + 3*g**2 - 7*g - 5. Let h(t) = -t**3 + 20*t**2 - 20*t + 15. Let w be h(19). Calculate k(w).
7
Let w(b) = -b**3 - 5*b**2 - 5*b - 2. Let a be 8 - (5 + 1)/3. Suppose -2*k - a - 2 = 0. Calculate w(k).
2
Let y(v) = 0*v**2 - 5*v - 2 + v**2 + 2. Let m(z) = -z**3 - 4*z**2 - 5*z - 2. Let g be m(-3). Determine y(g).
-4
Let c = -14 - -7. Let t(n) = n**3 + 7*n**2 + n + 10. Let m be t(c). Suppose m*j - 2*j = 5. Let p(o) = o - 1. What is p(j)?
4
Let w(t) = -t**2 + 4*t - 2. Let b = -12 - -17. Suppose 3*a - 5*y - 15 = 0, -a + 5*y - 3*y + b = 0. What is w(a)?
-7
Let v be (-12)/((-